{"id":17454,"date":"2017-04-26T12:55:12","date_gmt":"2017-04-26T12:55:12","guid":{"rendered":"https:\/\/auditorio.sanjuan.gob.ar\/?page_id=17454"},"modified":"2017-04-26T13:01:31","modified_gmt":"2017-04-26T13:01:31","slug":"el-piano-steinway","status":"publish","type":"page","link":"https:\/\/auditorio.sanjuan.gob.ar\/?page_id=17454","title":{"rendered":"El Piano Steinway"},"content":{"rendered":"<div class=\"wpb-content-wrapper\"><p>[vc_row row_type=&#8221;row&#8221; use_row_as_full_screen_section=&#8221;no&#8221; type=&#8221;full_width&#8221; angled_section=&#8221;no&#8221; text_align=&#8221;left&#8221; background_image_as_pattern=&#8221;without_pattern&#8221; css_animation=&#8221;&#8221;][vc_column width=&#8221;2\/3&#8243;][vc_gallery type=&#8221;flexslider_slide&#8221; interval=&#8221;5&#8243; images=&#8221;17455,17456,17457,17458&#8243; img_size=&#8221;large&#8221; direction_nav=&#8221;yes&#8221; control_nav=&#8221;yes&#8221; pause_on_hover=&#8221;yes&#8221; frame=&#8221;no&#8221;][\/vc_column][vc_column width=&#8221;1\/3&#8243;][vc_column_text]<\/p>\n<p>Hace poco m\u00e1s de 2 d\u00e9cadas, el Auditorio Juan Victoria esperaba contar con un piano de cola de concierto y, finalmente, la sala cultural recibi\u00f3 dicho instrumento. Se trata  Piano de Gran Cola Steinway, que tiene 2,70 metros de largo, 1,57 metros de ancho y pesa 500 kilos.<br \/>\nEl piano de cola de concierto D-274 est\u00e1 presente en m\u00e1s del 95% de los grandes escenarios del mundo, donde fascina al p\u00fablico con su excelente sonido. Este modelo constituye la simbiosis perfecta entre un cuidado trabajo artesanal, el inconfundible volumen sonoro y un modo de ejecuci\u00f3n \u00fanico que el gremio internacional de pianistas sabe apreciar.<br \/>\nM\u00e1s info en http:\/\/eu.steinway.com\/es\/\n<\/p>\n<p>[\/vc_column_text][\/vc_column][\/vc_row]<\/p>\n<\/div>","protected":false},"excerpt":{"rendered":"<p>[vc_row row_type=&#8221;row&#8221; use_row_as_full_screen_section=&#8221;no&#8221; type=&#8221;full_width&#8221; angled_section=&#8221;no&#8221; text_align=&#8221;left&#8221; background_image_as_pattern=&#8221;without_pattern&#8221; css_animation=&#8221;&#8221;][vc_column width=&#8221;2\/3&#8243;][vc_gallery type=&#8221;flexslider_slide&#8221; interval=&#8221;5&#8243; images=&#8221;17455,17456,17457,17458&#8243; img_size=&#8221;large&#8221; direction_nav=&#8221;yes&#8221; control_nav=&#8221;yes&#8221; pause_on_hover=&#8221;yes&#8221; frame=&#8221;no&#8221;][\/vc_column][vc_column width=&#8221;1\/3&#8243;][vc_column_text] Hace poco m\u00e1s de 2 d\u00e9cadas, el Auditorio Juan Victoria esperaba contar con un piano de cola de concierto y, finalmente, la sala cultural recibi\u00f3 dicho instrumento&#8230;.<\/p>\n","protected":false},"author":1,"featured_media":0,"parent":0,"menu_order":0,"comment_status":"closed","ping_status":"closed","template":"","meta":{"footnotes":""},"class_list":["post-17454","page","type-page","status-publish","hentry"],"_links":{"self":[{"href":"https:\/\/auditorio.sanjuan.gob.ar\/index.php?rest_route=\/wp\/v2\/pages\/17454","targetHints":{"allow":["GET"]}}],"collection":[{"href":"https:\/\/auditorio.sanjuan.gob.ar\/index.php?rest_route=\/wp\/v2\/pages"}],"about":[{"href":"https:\/\/auditorio.sanjuan.gob.ar\/index.php?rest_route=\/wp\/v2\/types\/page"}],"author":[{"embeddable":true,"href":"https:\/\/auditorio.sanjuan.gob.ar\/index.php?rest_route=\/wp\/v2\/users\/1"}],"replies":[{"embeddable":true,"href":"https:\/\/auditorio.sanjuan.gob.ar\/index.php?rest_route=%2Fwp%2Fv2%2Fcomments&post=17454"}],"version-history":[{"count":1,"href":"https:\/\/auditorio.sanjuan.gob.ar\/index.php?rest_route=\/wp\/v2\/pages\/17454\/revisions"}],"predecessor-version":[{"id":17459,"href":"https:\/\/auditorio.sanjuan.gob.ar\/index.php?rest_route=\/wp\/v2\/pages\/17454\/revisions\/17459"}],"wp:attachment":[{"href":"https:\/\/auditorio.sanjuan.gob.ar\/index.php?rest_route=%2Fwp%2Fv2%2Fmedia&parent=17454"}],"curies":[{"name":"wp","href":"https:\/\/api.w.org\/{rel}","templated":true}]}}